
7
Let j(o) = 2*o**2 + 20*o - 14. Give j(-10).
-14
Let v(p) = p + 36. Determine v(9).
45
Let g(s) = 3*s + 4. Give g(-6).
-14
Let k(h) = -h**2 + 6*h + 13. Calculate k(5).
18
Let n(b) = -7*b + 11. What is n(-7)?
60
Let g(b) = -b**2 - 28*b - 71. Calculate g(-25).
4
Let a(i) = i**2 + 15*i + 35. Calculate a(-12).
-1
Let i(u) = -u**2 + u - 5. Determine i(10).
-95
Let m(s) = -s**2 + 13*s - 19. Calculate m(13).
-19
Let z(o) = 4*o + 1. Give z(-9).
-35
Let i(r) = 21*r - 10. Determine i(2).
32
Let o(b) = -b + 26. Give o(-4).
30
Let j(a) = 4*a**2 + 8*a + 7. Calculate j(-5).
67
Let f(n) = -4*n - 95. Determine f(8).
-127
Let v(o) = 28*o - 4. Calculate v(1).
24
Let w(l) = -l**3 - 8*l**2 - 7*l - 6. Determine w(-7).
-6
Let j(b) = -b**3 - 4*b**2 + 3*b + 6. Calculate j(-3).
-12
Let z(a) = a + 5. Give z(-8).
-3
Let i(n) = -n**3 + 13*n**2 - 18*n - 48. Determine i(11).
-4
Let g(n) = 166*n + 1323. What is g(-8)?
-5
Let b(c) = c**2 - 43*c - 2. Calculate b(43).
-2
Let f(r) = -r**2 + 2*r + 11. What is f(5)?
-4
Let q(x) = 57*x + 5. Calculate q(1).
62
Let i(k) = -k**3 + k - 4. Calculate i(-4).
56
Let c(m) = m**3 + 9*m**2 + 23*m + 29. Give c(-6).
-1
Let c(f) = f**3 + 14*f**2 + 13*f + 3. Give c(-13).
3
Let h(q) = 2*q**2 - 24*q + 58. Give h(6).
-14
Let k(j) = j**2 + 6*j - 18. Determine k(2).
-2
Let s(n) = -n**2 - 49*n + 392. What is s(7)?
0
Let p(x) = -6*x**3 - x**2 + 1. What is p(-1)?
6
Let i(l) = -l**2 - 5*l - 3. Determine i(-2).
3
Let q(i) = -i - 8. What is q(3)?
-11
Let q(v) = 24*v + 176. Calculate q(-7).
8
Let l(q) = q**3 - q**2 + q - 40. Calculate l(0).
-40
Let c(t) = -3*t + 1. Give c(6).
-17
Let b(i) = i**3 - i**2 - i - 7. Calculate b(0).
-7
Let l(f) = -3*f**2 - 3*f + 1. Give l(-1).
1
Let h(l) = -12*l + 126. Give h(10).
6
Let i(h) = -15*h**3 - 2*h**2 + 1. Give i(-1).
14
Let m(g) = -5*g + 6. Determine m(-3).
21
Let n(r) = -64*r - 531. Give n(-8).
-19
Let c(y) = y**2 - 4*y - 16. What is c(8)?
16
Let f(x) = x**3 + 10*x**2 + 3*x - 11. Calculate f(-10).
-41
Let f(d) = 5*d**2 + 2*d - 3. Determine f(2).
21
Let v(y) = y - 25. Determine v(23).
-2
Let g(o) = -o**2 + 15*o - 47. Give g(5).
3
Let a(u) = -3*u**3 - 35*u**2 + 8*u - 48. Calculate a(-12).
0
Let j(h) = 4*h + 19. Determine j(-8).
-13
Let u(n) = -n**2 - n + 17. What is u(0)?
17
Let t(v) = 18*v + 331. Give t(-18).
7
Let m(s) = s**3 - 24*s**2 + 22*s + 117. Determine m(23).
94
Let h(o) = -2*o**3 + o**2 + 4*o + 2. Determine h(3).
-31
Let f(j) = -84*j + 1186. What is f(14)?
10
Let t(r) = r**2 + 6*r - 4. Determine t(-5).
-9
Let x(z) = -z**2 - 17*z - 47. Calculate x(-15).
-17
Let q(y) = 10*y - 12. Determine q(-7).
-82
Let o(x) = x**2 + 23*x - 132. Determine o(5).
8
Let i(s) = 7*s**3 - 3*s**2 + 2. Calculate i(1).
6
Let v(u) = 8*u - 68. What is v(8)?
-4
Let m(r) = r**2 + 2*r. Determine m(0).
0
Let d(h) = 4*h**2 + 9*h - 9. Determine d(1).
4
Let a(s) = -s**2 - 16*s - 8. Determine a(-13).
31
Let u(s) = -2*s**3 + 46*s**2 + 50*s - 20. Determine u(24).
28
Let r(j) = -j**3 - 12*j**2 + 18*j - 16. Determine r(-14).
124
Let d(w) = -w**2 - 7*w + 11. What is d(0)?
11
Let m(a) = -a**2 + 3*a - 2. Calculate m(0).
-2
Let v(l) = l**3 - 8*l**2 - 2*l - 7. Calculate v(8).
-23
Let f(w) = w**3 + 15*w**2 - 33*w + 24. Calculate f(-17).
7
Let i(j) = -113*j + 6. Give i(0).
6
Let v(q) = -8*q**3 + q**2. Determine v(1).
-7
Let p(s) = 9*s + 78. Give p(-8).
6
Let t(d) = -d - 24. Determine t(17).
-41
Let n(d) = -d**3 + 2*d**2 + d + 14. Determine n(0).
14
Let h(y) = y**3 + 8*y**2 - 9*y - 3. Give h(-9).
-3
Let a(r) = 29*r + 179. Calculate a(-6).
5
Let k(z) = z**2 - 14*z - 7. Give k(12).
-31
Let j(a) = 2*a**3 - 3*a**2. What is j(3)?
27
Let t(l) = l - 11. Calculate t(5).
-6
Let t(n) = n**3 + 7*n**2 + 3*n + 5. What is t(-7)?
-16
Let c(y) = 4*y + 80. Calculate c(-12).
32
Let n(p) = 3*p**2 + 20*p + 11. Give n(-6).
-1
Let x(g) = -g**3 - 16*g**2 + 41*g + 78. Give x(-18).
-12
Let r(z) = -z + 38. Determine r(20).
18
Let d(h) = -2*h**3 + 2*h**2 + 5*h + 4. Give d(-2).
18
Let c(m) = -m**3 - 8*m**2 + 19*m - 3. Determine c(-10).
7
Let a(v) = v**3 + 5*v**2 + 2*v - 7. Determine a(-4).
1
Let i(j) = -2*j**2 - 26*j - 65. Calculate i(-3).
-5
Let s(z) = -z**3 - 21*z**2 - 15*z + 24. Calculate s(-20).
-76
Let u(z) = z**3 - 10*z**2 - 24*z - 8. Calculate u(12).
-8
Let a(l) = -l**3 - 6*l**2 + 6*l. Calculate a(-6).
-36
Let z(t) = 2*t - 3. Give z(3).
3
Let q(d) = -d**2 + 324*d - 1604. Determine q(5).
-9
Let i(x) = -2*x**3 + 9*x**2 + 2*x + 12. Calculate i(5).
-3
Let i(s) = s**3 + 14*s**2 + 2*s + 19. Determine i(-14).
-9
Let x(a) = a**3 - 3*a**2 + 2*a - 3. What is x(2)?
-3
Let h(y) = 2*y**2 + 9*y - 31. Give h(-7).
4
Let f(n) = n**3 - 3*n**2 - 5*n + 3. Determine f(3).
-12
Let j(l) = 2*l**3 - l**2 - 3*l. Calculate j(-3).
-54
Let f(x) = -3*x**2. Give f(3).
-27
Let f(p) = p**2 - 9*p + 5. What is f(7)?
-9
Let q(a) = a**2 - 10*a - 33. Give q(12).
-9
Let v(t) = 6*t**3 + 271*t**2 + 48*t + 130. What is v(-45)?
-5
Let p(r) = 2*r - 9. Give p(7).
5
Let o(r) = -r**2 + 19*r - 5. What is o(15)?
55
Let s(n) = -n**3 + 2*n**2 + 6*n + 3. Give s(3).
12
Let t(o) = o**2 - 22*o + 40. Determine t(11).
-81
Let c(f) = -2*f**2 + 7*f. Determine c(3).
3
Let o(i) = 3*i**2 - 5. Determine o(2).
7
Let t(q) = q**3 + 23*q**2 + 61*q + 19. Give t(-20).
-1
Let t(p) = 11*p**3 + 2*p**2 - 2*p. Calculate t(1).
11
Let s(u) = 2*u**3 + 12*u**2 - 3*u. Give s(-6).
18
Let r(k) = -2*k**2 - 9*k - 5. Give r(-4).
-1
Let t(f) = -f**3 - 14*f**2 - 26*f - 3. Give t(-12).
21
Let a(r) = 3*r**3 - 42*r**2 + r - 21. Give a(14).
-7
Let d(c) = -2*c + 14. Determine d(6).
2
Let s(m) = m**2 - 6*m - 2. What is s(7)?
5
Let q(v) = v**2 + 6*v - 9. Calculate q(5).
46
Let z(x) = -x**2 - 4*x + 35. Give z(5).
-10
Let t(j) = -j**3 + 7*j**2 + 13*j - 12. What is t(8)?
28
Let f(u) = -u + 46. What is f(27)?
19
Let b(g) = -2*g**3 + 14*g**2 - 6*g - 17. Give b(6).
19
Let i(w) = -3*w - 19. Determine i(11).
-52
Let i(x) = -x**3 + 8*x**2 - 6*x - 1. Give i(6).
35
Let f(t) = 17*t**2 - 2*t. Give f(2).
64
Let l(c) = c - 2. What is l(5)?
3
Let g(k) = -k. Give g(2).
-2
Let n(q) = -q**2 - 9*q + 17. Calculate n(-12).
-19
Let o(w) = -6*w - 18. Give o(-5).
12
Let m(j) = j**3 - 9*j**2 - 27. Give m(9).
-27
Let g(b) = -b**3 + 11*b**2 + 16*b - 27. Determine g(12).
21
Let j(a) = 2*a - 15. What is j(12)?
9
Let f(c) = -c**2 + 54*c - 11. Determine f(54).
-11
Let k(g) = g**2 + 2*g - 8. Give k(-5).
7
Let h(q) = q**3 - 4*q**2 + 12. Calculate h(4).
12
Let x(s) = s**3 - 25*s**2 + 39*s + 55. Calculate x(23).
-106
Let n(r) = r**2 + 9*r - 9. Determine n(-5).
-29
Let j(g) = g**3 + 28*g**2 + g + 60. What is j(-28)?
32
Let r(p) = -p**3 - 17*p**2 - 18*p - 23. Calculate r(-16).
9
Let g(m) = m**2 + 12*m + 39. What is g(-10)?
19
Let r(m) = 2*m**2 + 13*m + 17. Calculate r(-2).
-1
Let j(l) = -5*l + 15. Determine j(9).
-30
Let a(u) = -u**3 - u**2 - 9*u + 3. Determine a(0).
3
Let q(i) = 4*i**2 - 11*i - 38. Give q(-3).
31
Let i(r) = -18*r + 49. What is i(3)?
-5
Let t(w) = w**2 - 32*w + 219. Calculate t(22).
-1
Let t(j) = 22*j**2 + j - 3. Give t(1).
20
Let j(p) = -9*p + 115. Calculate j(11).
16
Let k(c) = -c + 8. Determine k(19).
-11
Let k(g) = -g**2 + 2*g - 3. What is k(-3)?
-18
Let p(l) = -l**2 - 19*l - 20. Calculate p(-18).
-2
Let n(p) = -p + 67. What is n(10)?
57
Let p(o) = o**3 - 4*o**2 - 7*o + 6. Calculate p(5).
-4
Let q(w) = 6*w - 7. Calculate q(-5).
-37
Let u(w) = -w**2 - 8*w + 38. Calculate u(-11).
5
Let d(r) = -r**3 - 8*r**2 - 2*r - 17. What is d(-8)?
-1
Let c(k) = -k**2 + 7*k + 45. What is c(-4)?
1
Let z(k) = k**2 + 4*k + 9. Give z(-6).
21
Let y(a) = -a**3 + 3*a**2 + 3*a + 2. Determine y(4).
-2
Let i(c) = 6*c + 124. Calculate i(-23).
-14
Let k(c) = 15*c - 49. Calculate k(4).
11
Let r(w) = -w**2 - 13*w + 59. Give r(-14).
45
Let f(w) = -2*w - 5. Give f(-4).
3
Let x(i) = i**3 - 2*i**2 - 8*i + 5. Calculate x(5).
40
Let p(n) = n**3 - 6*n**2 + 5*n. Determine p(5).
0
Let a(v) = -v**2 + 2*v + 623. Determine a(26).
-1
Let o(w) = w**3 + 41*w**2 + 111*w - 84. Determine o(-38).
30
Let l(x) = -2*x**3 + 10*x**2 - 24*x - 1. What is l(6)?
-217
Let h(o) = o + 19. What is h(-35)?
-16
Let q(f) = 2*f**2 - 11*f + 5. Determine q(9).
68
Let r(m) = m**3 + 2*m**2 - 8*m - 6. Give r(-3).
9
Let b(x) = 2*x**3 - 9*x**2 - 5*x + 6. Give b(5).
6
Let h(c) = c**3 + 2*c**2 - 2. What is h(-2)?
-2
Let m(z) = z**2 + 16*z + 33. Calculate